 is the greatest common factor of y and 44?
11
Suppose j - 948 = x + 50, -4*x - 16 = 0. What is the greatest common factor of 42 and j?
14
Suppose -8*z + 947 = -2989. What is the highest common factor of z and 41?
41
Let l be 145 + -11 + 5 + 5. Calculate the highest common divisor of l and 27.
9
Suppose 1751 + 2305 = 24*b. Calculate the highest common divisor of b and 26.
13
Let b = 293 - -1252. Calculate the highest common divisor of 412 and b.
103
Suppose 4 + 2 = 2*d. Suppose -128 = d*o + 37. Let n be 906/10 + (-22)/o. What is the highest common factor of n and 13?
13
Suppose -196 = -w - 4*b, 4*w + w + 4*b = 932. Calculate the highest common factor of 8 and w.
8
Suppose 3*z = -2*z. Suppose z = h + 2*n - 177 - 33, 9 = -3*n. Calculate the highest common divisor of h and 27.
27
Let y be (23/4)/(3/12). Suppose -3*r + 4*j = -y, 0 = -2*r + 2*j + 3 + 11. Suppose 11 + 24 = r*b. What is the highest common factor of b and 7?
7
Suppose -5*q - 192 = 68. Let b be (q + -2)/(6/(-8)). What is the greatest common divisor of 108 and b?
36
Let u(n) = 2*n**2 - 6*n - 3. Let h = -4 + 1. Let t be u(h). Suppose -t = -g - 12. Calculate the highest common factor of 14 and g.
7
Let d(z) = -8*z - 84. Let j be d(-12). What is the greatest common divisor of 24 and j?
12
Let n(m) = -3*m - 14. Let y(a) = -2*a - 13. Let f(u) = 4*n(u) - 5*y(u). Let t = 70 - 66. Let i be f(t). Calculate the highest common factor of 9 and i.
1
Let k(y) = 16*y**3 + y**2 + 6*y - 8. Suppose 19 = -9*s + 46. Let u be k(s). What is the highest common divisor of 41 and u?
41
Let h = -35 - -39. Let t be 4225/55 + h/22. Suppose -5*v - t + 217 = 0. Calculate the highest common factor of v and 4.
4
Let f(h) = -h**2 + 26*h + 110. Let r be f(22). What is the highest common divisor of r and 18?
18
Let f be 1 - (-4 + 3)*-1. Suppose f = 2*t - 21 + 1. Suppose 13 = c - 2*k, 0*k + 4*k - t = -2*c. Calculate the greatest common divisor of 9 and c.
9
Let b(g) = 53*g**2 + 50*g + 1. Let m be b(-1). Suppose -6 - 14 = -4*u. What is the greatest common divisor of m and u?
1
Suppose 0 = -14*v - 18 + 186. What is the greatest common divisor of 4092 and v?
12
Let x be (-2)/7 - (-395)/35. Calculate the greatest common divisor of 1375 and x.
11
Let g = 23 - 50. Let c be ((-150)/(-9))/((-9)/g). Calculate the greatest common factor of 25 and c.
25
Let j = 55 + -12. Suppose -4*b = -j - 233. Suppose -4*v + 91 = -b. What is the highest common factor of 16 and v?
8
Let r be (8/6 - 1)/((-8)/(-72)). Suppose 4*i + r*l + 0*l = 44, 4*l + 58 = 3*i. Calculate the greatest common divisor of i and 14.
14
Suppose -74 - 2 = -2*t. Let b = t - 22. What is the greatest common divisor of 80 and b?
16
Suppose -2*u + 6*u - 616 = 0. Suppose 0 = 2*m - 6*m + 88. Calculate the highest common divisor of m and u.
22
Let s = 1282 - 592. Calculate the highest common factor of 60 and s.
30
Let q(o) = 50*o**2 + 21*o - 14. Let d be q(4). Calculate the greatest common divisor of 30 and d.
30
Let c be (-292)/(-5) - (-24)/(-60). Suppose 4*i - c = -w, 3*i = 4*w + w - 313. Let q = -190 - -345. What is the highest common divisor of w and q?
31
Suppose 2*q - 5*m = -q - 158, -4*m + 224 = -4*q. Let v = q + 80. What is the highest common factor of v and 57?
19
Suppose 4*c - 34 = -2*r + 18, -2*c + 8 = 0. Let d(w) = -4*w - 10. Let b be d(-10). Calculate the greatest common factor of r and b.
6
Let h be 2/6*3 + -1. Suppose -8*u + 225 + 607 = h. Calculate the highest common divisor of 13 and u.
13
Let f = 3677 + -3607. Let l(a) = -a**3 + 4*a**2 + 4*a + 4. Let z be l(4). What is the highest common divisor of f and z?
10
Let y = -94 + 136. Let n be ((-14)/y)/(1/(-225)). What is the greatest common divisor of 30 and n?
15
Let g be 1 + 4*(-1)/(-1). Suppose -5*x = -3*d - 82, -68 = -4*x + 3*d - 0. Let p = x - -26. Calculate the greatest common factor of g and p.
5
Suppose 2*c = -4*d + 752, d - c - 574 = -2*d. Calculate the greatest common factor of d and 38.
38
Suppose 0 = -224*m + 215*m + 1188. Calculate the highest common factor of m and 176.
44
Suppose 0 = 5*q - 2*m - 10 - 16, 5*q - 5 = -5*m. Suppose 9*n + q = 202. Calculate the greatest common divisor of n and 110.
22
Suppose 0 = -10*m + 307 - 7. Calculate the greatest common divisor of m and 720.
30
Suppose -4*m = -3*c - 5 + 12, 5*m + c - 15 = 0. Let g(w) = -2 + 7 + 3*w - 7 - 14. Let i be g(7). What is the highest common factor of i and m?
1
Let i = -214 + 304. What is the highest common factor of 135 and i?
45
Suppose -11*l = 161 - 689. Calculate the greatest common factor of 324 and l.
12
Let g = 121 + -61. Let v = 96 - g. What is the greatest common factor of 24 and v?
12
Let u = 26 - 16. Calculate the highest common divisor of 80 and u.
10
Let q be ((-32)/6)/(2/18). Let w = -330 + 329. Let n be (16/q)/(w/30). Calculate the highest common divisor of n and 70.
10
Suppose -2*q + 5*h + 62 = 0, -2*q + 8*h + 17 = -51. Calculate the highest common divisor of q and 44.
2
Let g = -77 + 85. Suppose g*u - 102 = 138. Suppose 2*x - 5*n - 370 = -3*x, 0 = 5*n - 5. Calculate the greatest common factor of u and x.
15
Let d be (-81)/(-3) + -2 + -5. What is the highest common divisor of d and 580?
20
Suppose -50*p - 3256 = -61*p. What is the greatest common divisor of 8 and p?
8
Let n = 306 - 603. Let h be 5*(0 + n/(-15)). Calculate the greatest common factor of h and 9.
9
Let m be (2 + 0)/(15 - 13). What is the highest common divisor of 87 and m?
1
Let x(d) = 9*d + 332. Let m be x(-28). What is the highest common factor of 820 and m?
20
Suppose 0 = -5*k + 3*v + 795, k + v = 54 + 113. Suppose 5*s + 5*p - 115 = 0, 3*p = -14 + 29. Calculate the greatest common factor of k and s.
18
Let o = -125 - -229. Suppose 129 = 3*d - 4*y + 24, d = -3*y + 48. Suppose -3*m + 0*m + d = 0. Calculate the greatest common divisor of o and m.
13
Let r be (8 - 5) + 4 - 1. Let s(v) = -v + 9. Let t be s(7). What is the greatest common divisor of r and t?
2
Suppose -155 - 73 = -4*x. Calculate the greatest common divisor of x and 399.
57
Let u be 4280/14 + (-104)/(-364). Calculate the greatest common divisor of u and 18.
18
Suppose -3*y - 64 = 4*x, -4*y - 3*x + 6 - 89 = 0. Let m = -8 - y. Suppose 7*q = 4 + 668. What is the highest common divisor of q and m?
12
Suppose -3*l = 2*i - 100, l + 2*i - 132 = -3*l. Let v = l - 8. Calculate the greatest common divisor of v and 8.
8
Let a(i) = -i**3 + i**2 + 8. Let x = -5 + 5. Let o be a(x). Let w = -31 + 55. What is the highest common factor of o and w?
8
Suppose -5*h + 7 = -3. Suppose -h - 2 = -d. Suppose 813 = 4*p + b, -767 = -d*p + 5*b + 40. Calculate the greatest common factor of 29 and p.
29
Let q(k) = -8*k - 6. Let n be q(-8). Suppose 4*g + n + 74 = 0. Let d = g + 53. What is the greatest common divisor of d and 10?
10
Suppose 5*k = f + 43, 9*k + f - 47 = 4*k. Suppose 9*n = 13*n - 72. Suppose 63 = 5*m + n. Calculate the greatest common factor of k and m.
9
Suppose -a - 14 + 20 = 0. Suppose 2*v + 4*z - 16 = 0, -2*v - 2*z = -a*z. What is the highest common divisor of 1 and v?
1
Suppose 36*v - 31*v - 25 = 0. Calculate the highest common factor of v and 165.
5
Suppose -45*z + 54*z = 162. Calculate the greatest common divisor of 198 and z.
18
Suppose 0 = 9*z - 5*z + 132. Let s = -19 - z. Let w be 7/(-1 + (-39)/(-36)). What is the greatest common divisor of s and w?
14
Let x(b) be the third derivative of 5*b**4/24 - 2*b**3/3 + 10*b**2. Let m be x(4). Calculate the greatest common divisor of 4 and m.
4
Suppose 0 = -2*u - 10, u = -5*f + 5*u - 55. Let j = f + 30. Let t(r) = -61*r - 2. Let a be t(-2). Calculate the greatest common divisor of j and a.
15
Let g = -20 - -25. Suppose -g*w + o - 29 + 183 = 0, 12 = -3*o. Calculate the highest common divisor of 6 and w.
6
Let m(i) = i**3 - 11*i**2 - 10*i - 5. Let u be m(12). Let b be (4/6)/(u/9405). Let n be ((-1)/3)/((-2)/b). Calculate the greatest common divisor of 22 and n.
11
Let f = 25 - 17. Let v be (-1)/(-4) + 142/f. Let u be (-12060)/(-420) + 12/(-7). What is the highest common divisor of u and v?
9
Let p(m) = m**3 - 3*m**2 + m - 1. Let k be p(1). Let i = k + 6. Calculate the greatest common factor of i and 28.
4
Let b = -11064 - -11068. Let m(c) = -c**3 - 6*c**2 - 5*c + 4. Let t be m(-5). What is the greatest common divisor of t and b?
4
Suppose -3*y - 3*x + 4*x + 6 = 0